106).
1
Calculate 0 + -2 + 9 + (-156 - -155) - -5.
11
Calculate 2 - (53 + -46) - (1 - 10).
4
What is the value of (-17 - -19 - 13) + 12?
1
What is the value of -6 + (-10 + 15 - -7)?
6
0 + -4 - (13 - (12 - (33 - 17)))
-21
What is the value of 4 - 3 - (10 - (19 + -8))?
2
What is -101 - -92 - (-1 + 1)?
-9
What is 2 - (22 + (23 - 60))?
17
What is -24 - -24 - -3 - 9?
-6
0 + -42 + 31 + 27
16
What is 1 - (-1 + 7 - 12 - 7)?
14
Evaluate 0 + 0 - (15 - (-5 + 7) - -1).
-14
Evaluate 13 + -15 + (7 - 11).
-6
-2 - 2 - -5 - (8 + -1 - 7)
1
7 - -14 - 9 - 17
-5
What is (-2 + 0 - (17 - 7 - 12)) + -4?
-4
(-96 - -57) + 38 - (24 + -1)
-24
-23 - -32 - (2 + (2 + -3 - -2))
6
Calculate -2 - (-2 + -2) - (12 - (5 + -3)).
-8
Calculate (-6 - -6) + 10 - 19 - -7.
-2
9 + -14 + 29 + -31
-7
What is the value of 0 - 3 - (1 - 8)?
4
What is the value of -6 + 4 - (-3 - -3) - 3?
-5
Calculate 1 + 7 + 4 + 6 + -8.
10
-15 + (-2 - -20 - 10) + -12
-19
2 + 12 + 6 - 29
-9
Calculate 20 - ((12 - (9 - 8)) + -9).
18
Calculate -6 - ((8 - -2) + -5).
-11
What is the value of 10 + (-32 - 13 - -23)?
-12
What is the value of (4 - 6 - 3) + 4 + 5?
4
116 + -91 - ((-4 + 3 - -5) + 2)
19
Calculate 1 + 12 - (109 - 100).
4
(-20 + 16 - (-5 + 1) - -4) + 4
8
What is the value of -11 + (9 - 6) + -7 - -12?
-3
What is (7 - -9 - (-38 + 51)) + 1 + -8?
-4
What is the value of (-82 - -76) + (1 + -6 - (2 + 0))?
-13
Calculate (-1 - 2) + (6 - (-10 + 10)) + 13.
16
Calculate (23 - 7) + -30 - -11.
-3
What is the value of -1 - -11 - 1 - (-40 - (-3 - 53))?
-7
Calculate -19 + (-34 + 18 - -48).
13
Evaluate -13 + -14 - (-4 - 41).
18
Evaluate (3 - -5) + -2 + -8 - -9.
7
What is -29 + (7 - (30 - 40))?
-12
What is (-18 - (-3 + -1)) + (-68 - -58)?
-24
What is the value of (0 - -21) + (-26 - -37) + 20 + -20?
32
Evaluate (-1 - (0 + -11)) + (10 - 8).
12
Evaluate (-27 - 4 - -55) + -43.
-19
What is the value of 5 - (-11 + 28) - -11?
-1
What is the value of -24 + 0 + -28 + (-57 - -90)?
-19
Evaluate 26 - (5 + 49 + -21).
-7
27 + (-30 - -5) + (-2 - -5)
5
What is the value of 6 - ((-8 - -32) + -11)?
-7
(1 - 2) + 1 - (11 + -18 - 6)
13
Evaluate -1 + 39 - (-264 + 312).
-10
Evaluate 34 + 1 + (55 - 72).
18
What is the value of (-5 - (-16 - 9)) + -10 + -19?
-9
What is the value of (2 - (9 - 2)) + 35 + (-1 - 4)?
25
Evaluate -10 + (9 - 6) - (-32 + 41).
-16
Evaluate (15 - (-13 + 24)) + 2 - (0 - -9).
-3
What is the value of 3 - ((7 - (-14 - -7)) + -26)?
15
What is the value of 21 + -7 + -17 + 10 + 4?
11
-35 + 6 + 8 + 11 + (-10 - -4)
-16
1 + 7 + 0 - (-27 - -30)
5
1 + 15 - 20 - -19
15
(3 - 4) + 8 + -13 + 0
-6
What is 13 + -1 + -9 + 5 - (-1 - 2)?
11
What is the value of 8 + (1 - 23) + 119 + -116?
-11
What is the value of 12 - (-5 + 15 - -1) - (2 - 3)?
2
What is 0 + 23 + -3 - 10?
10
Calculate -4 + 17 + 0 + -4 - -1.
10
What is (22 - (-5 + 14)) + (-18 - 3)?
-8
Evaluate 1 - 52 - (673 - 718).
-6
What is the value of 499 + -523 - (-24 - -1) - (0 - -14)?
-15
Evaluate (-3 - -1) + -9 + 2 - (37 - 46).
0
What is -12 - (-1 - 0) - (6 + -10 - 5)?
-2
Evaluate -1 + (6 - (9 - -4) - -15).
7
Evaluate (23 - (5 + 5)) + -25.
-12
Evaluate -2 + 3 + 30 + 19 + -26.
24
Calculate 0 - 13 - ((-17 - -2) + 14).
-12
(-20 + 7 - -15) + (3 - -1)
6
Evaluate 1 - 1 - (1 - 1 - (20 + -11)).
9
What is the value of 5 + -17 - (9 - (12 - (-4 + 9)))?
-14
Calculate -5 + 6 + 13 - 24.
-10
(9 + 5 - 12) + 17
19
What is 275 + -278 + (-1 - -8)?
4
What is (-30 - (21 - 10)) + 40 + -25?
-26
(30 - 5) + -16 + 2
11
What is 8 + (8 + -10 - -5)?
11
Calculate 1 + (-3 - -4) + (-1 + 1 - -7).
9
Calculate -1 - (23 - 30 - -16).
-10
What is 31 + -55 - (-8 - 13)?
-3
Evaluate -19 + (9 + -1 - (11 + -17 + 15)).
-20
What is the value of 13 - 21 - (14 + 0 + (-1 - 3))?
-18
What is (8 - 23) + 5 + 3 + (-1 - -14)?
6
34 + -48 + 24 + (-7 - -1)
4
Calculate 2 - ((42 - 24) + -4).
-12
Calculate 18 + -20 + -1 + 6 - 10 - 7.
-14
What is the value of (9 + 9 + -8 - 15 - -12) + 18?
25
Evaluate 1713 + -1709 - (33 - 0).
-29
What is the value of -5 + -4 - -13 - -4?
8
What is the value of 3 + 18 + -5 - (10 + (-19 - -8))?
17
What is the value of -42 + -18 + 17 - -19?
-24
What is -2 - (13 - 20 - 9)?
14
What is -9 + 13 + 6 - (-47 + 59)?
-2
What is -6 + (6 - (-6 - -10)) - -15 - 3?
8
What is the value of 4 + -7 + 2 + 6 - (-17 + 13)?
9
Calculate (12 - 18) + (1 - -11).
6
-40 + (-1 - -32 - 12)
-21
Calculate 1 + -16 + (-7 - 0 - -8 - -5).
-9
What is -9 - (0 - (-7 + 14))?
-2
Calculate 3 - 8 - (17 + -29).
7
7 - (0 + (-5 + -2 - -5)) - -1
10
Calculate (7 - 19 - -17) + -1 + (2 - 2).
4
Calculate 7 - (42 + -2 + 8 + -10) - 0.
-31
What is the value of 34 - (-8 + 22 + (11 - 12))?
21
Evaluate 25 + (0 - (-13 + 9)) - 15.
14
What is the value of (-1 - -12) + 2 - (-925 + 930)?
8
Evaluate -1 + (-1 + 9 - -6).
13
What is the value of -20 - (2 - -11) - -18?
-15
Calculate -104 - -113 - (-8 + -7).
24
-9 + -1 + 83 + -52
21
What is (175 - 187) + (7 - 0)?
-5
Evaluate (1 - (-4 + 6)) + 1 + (1 - 17).
-16
-6 - ((-15 + 16 - -26) + -7)
-26
Calculate (8 - (-16 + 32)) + 14.
6
What is (1 - (-12 - 0 - -6)) + -9 + 8?
6
What is -1 + 12 + -4 + -53 + 53?
7
What is -7 + (-7 + 7 - 3) + -1 + 4?
-7
Calculate 22 - (6 - 12) - (33 + -15).
10
Evaluate 12 + 2 + -12 - -7.
9
Evaluate (-31 - (0 - (20 - 2))) + 40.
27
Calculate -49 + (0 - -21) + 10.
-18
What is (-7 - 1) + 266 + -230?
28
Calculate 7 + 2 - (24 - (-1 - -9)) - 2.
-9
What is -9 + -15 - -25 - (1 - -5)?
-5
Evaluate -4 - (21 + -29) - 14.
-10
Calculate 1 + -2 - (-9 - (-16 - (-20 - -11))).
1
Calculate 3 + 1 + -1 + -1 + -3.
-1
What is the value of 11 + (-21 - (-3 - -3))?
-10
-5 - (0 - 1) - (-21 + 21)
-4
Evaluate -30 - -44 - (8 - 2) - (-2 - -9).
1
What is 4 - (4 - (23 + -14))?
9
What is (1 - -8) + (31 + -14 - 20)?
6
464 + -470 + (-2 - (1 - 0 - 2))
-7
What is the value of (2 - (-1 - 2)) + 2 - (-34 - -38)?
3
Evaluate 9 + -2 + 7 + (7 - 12).
9
Calculate (0 - (-1 - 0)) + (14 - (-13 + 30)).
-2
Evaluate (5 + (1 - 1) - (6 + -2)) + 9.
10
Calculate 2 + (-7 - ((-1 - 5) + -9)).
10
What is the value of -2 - -1 - 7 - (-269 - -262)?
-1
What is the value of -44 + 12 - ((-6 - 0) + 6)?
-32
What is the value of 0 + 2 + -10 + 0 + -7 + -1?
-16
What is the value of -17 - -15 - (-1 - 5)?
4
What is 10 + (-19 - (24 - 23))?
-10
Calculate (16 - -8) + -8 + -7 + 3 + 0.
12
What is (2 - 11) + (15 - (-25 - -25))?
6
Calculate (23 - 12) + (2 - (-3 - -22)).
-6
Evaluate -7 + (1 + -9 - 1) + (44 - 37).
-9
Calculate 14 + (47 + -3 - 23).
35
Calculate -14 + 15 + (-3 - 7) + 4.
-5
What is 1 - -8 - 0 - (5 + -1) - -7?
12
Calculate -107 + 122 + -25 + 1.
-9
-36 + -159 + 164 + 11 + 1
-19
What is (17 + -18 - 4) + 19?
14
Evaluate (-7 - (9 - 13)) + 13.
10
Calculate -4 - (-14 - 15 - -24).
1
Evaluate 400 - 400 - (0 + -24).
24
Evaluate -16 - -2 - (5 + -21 + -17).
19
What is 82 + -77 - (-9 + 3)?
11
What is -115 + 71 + 0 + 82?
38
What is the value of (77 - (2 + 34)) + -39?
2
What is (4 - 1) + 0 + -2 - (-2 - 7)?
10
1 + -10 + 14 + -1 + 10
14
What is the value of -78 - -17 - -62 - (23 + 0)?
-22
Evaluate 2 + -1 + -16 + 46 + -12 + -3.
16
Calculate (9 + (10 - (11 + -5)) - 10) + 30.
33
What is -76 + 76 - (-9 + 10 + 1 + 0)?
-2
What is 25 - (17 - 22 - -36)?
-6
Calculate (-16 - -13 - -18) + -24 - (-7 - 0).
-2
What is (6 - 12 - -18) + -1?
11
Evaluate 11 - 3 - (-62 + 77).
-7
-16 - (-7 + 2) - -6
-5
What is the value of (5 - 4) + 6 + -15 - 8?
-16
(-343 - -336) + -1 + -2 + -1
-11
Evaluate -2 - (-6 - 1) - (7 + -6) - -20.
24
What is the value of (27 + -52 - -28) + (2 - (-2 - -15))?
-8
What is the value of (9 - -5) + -22 + 3 + 3?
-2
Evaluate (-7 - 0) + 2 + -11 + 3 + -1.
-14
What is (3 - (-2 - -2)) + (-69 - -81)?
15
Evaluate 2 - ((-10 - -42) + (-24 - -10)).
-16
What is 0 + (3 + 9 - 4 - (-3 + 32))?
-21
What is the value of 8 - (0 - -11 - (-2 + 7 + 0))?
2
Calculate 2 + 3 + (23 - 22).
6
What is 1 - 8 - -3 - (-10 + 14)?
-8
Evaluate -54 + 86 + (1 - 14).
19
Calculate (5 - (2 + (8 - 7)) - 1) + -5.
-4
What is the value of -15 - (-6 - 6 - -4) - -6?
-1
Evaluate 9 - ((38 - 36) + 10 + 0 - 44).
41
Calculate (-23 + -8 - -21) + (0 - 2).
-12
What is the value of 26 + -8 + -9 + 7?
16
What is the value of 33 - 35 - (-19 + 0 + 0 + 2)?
15
Calculate (0 - -6) + -3 - (1 - 0).
2
What is 5 + -10 + 15 + 4 - -6?
20
(32 + -10 - 0) + -1
21
43 + -101 - -46 - -51
39
Evaluate -2 + 0 + 1 + (7 - -25) + -35.
-4
What is the value of -27 + (32 - -20) + -20?
5
Wh